[INFO] cloning repository https://github.com/elbow-jason/redcentipede
[INFO] running `Command { std: "git" "-c" "credential.helper=" "-c" "credential.helper=/workspace/cargo-home/bin/git-credential-null" "clone" "--bare" "https://github.com/elbow-jason/redcentipede" "/workspace/cache/git-repos/https%3A%2F%2Fgithub.com%2Felbow-jason%2Fredcentipede", kill_on_drop: false }`
[INFO] [stderr] Cloning into bare repository '/workspace/cache/git-repos/https%3A%2F%2Fgithub.com%2Felbow-jason%2Fredcentipede'...
[INFO] running `Command { std: "git" "rev-parse" "HEAD", kill_on_drop: false }`
[INFO] [stdout] 0704bf666d4161d84f59589964390e79d7456139
[INFO] checking elbow-jason/redcentipede against try#72f88fc4e9458f89516a0b8b0868f3718aec5b47 for pr-74989
[INFO] running `Command { std: "git" "clone" "/workspace/cache/git-repos/https%3A%2F%2Fgithub.com%2Felbow-jason%2Fredcentipede" "/workspace/builds/worker-7/source", kill_on_drop: false }`
[INFO] [stderr] Cloning into '/workspace/builds/worker-7/source'...
[INFO] [stderr] done.
[INFO] validating manifest of git repo https://github.com/elbow-jason/redcentipede on toolchain 72f88fc4e9458f89516a0b8b0868f3718aec5b47
[INFO] running `Command { std: "/workspace/cargo-home/bin/cargo" "+72f88fc4e9458f89516a0b8b0868f3718aec5b47" "read-manifest" "--manifest-path" "Cargo.toml", kill_on_drop: false }`
[INFO] started tweaking git repo https://github.com/elbow-jason/redcentipede
[INFO] finished tweaking git repo https://github.com/elbow-jason/redcentipede
[INFO] tweaked toml for git repo https://github.com/elbow-jason/redcentipede written to /workspace/builds/worker-7/source/Cargo.toml
[INFO] crate git repo https://github.com/elbow-jason/redcentipede already has a lockfile, it will not be regenerated
[INFO] running `Command { std: "/workspace/cargo-home/bin/cargo" "+72f88fc4e9458f89516a0b8b0868f3718aec5b47" "fetch" "--locked" "--manifest-path" "Cargo.toml", kill_on_drop: false }`
[INFO] running `Command { std: "docker" "create" "-v" "/var/lib/crater-agent-workspace/builds/worker-7/target:/opt/rustwide/target:rw,Z" "-v" "/var/lib/crater-agent-workspace/builds/worker-7/source:/opt/rustwide/workdir:ro,Z" "-v" "/var/lib/crater-agent-workspace/cargo-home:/opt/rustwide/cargo-home:ro,Z" "-v" "/var/lib/crater-agent-workspace/rustup-home:/opt/rustwide/rustup-home:ro,Z" "-e" "SOURCE_DIR=/opt/rustwide/workdir" "-e" "CARGO_TARGET_DIR=/opt/rustwide/target" "-e" "CARGO_HOME=/opt/rustwide/cargo-home" "-e" "RUSTUP_HOME=/opt/rustwide/rustup-home" "-w" "/opt/rustwide/workdir" "-m" "1610612736" "--user" "0:0" "--network" "none" "rustops/crates-build-env@sha256:d92eaeed33fa75130ca1ee6c8a01d1ffb62bac859dfdfb3450e3e5d1c0146529" "/opt/rustwide/cargo-home/bin/cargo" "+72f88fc4e9458f89516a0b8b0868f3718aec5b47" "metadata" "--no-deps" "--format-version=1", kill_on_drop: false }`
[INFO] [stdout] d84702000e0ea379234a63d10145b4fa177e72fc3b9384cd670903b26608a063
[INFO] [stderr] WARNING: Your kernel does not support swap limit capabilities or the cgroup is not mounted. Memory limited without swap.
[INFO] running `Command { std: "docker" "start" "-a" "d84702000e0ea379234a63d10145b4fa177e72fc3b9384cd670903b26608a063", kill_on_drop: false }`
[INFO] running `Command { std: "docker" "inspect" "d84702000e0ea379234a63d10145b4fa177e72fc3b9384cd670903b26608a063", kill_on_drop: false }`
[INFO] running `Command { std: "docker" "rm" "-f" "d84702000e0ea379234a63d10145b4fa177e72fc3b9384cd670903b26608a063", kill_on_drop: false }`
[INFO] [stdout] d84702000e0ea379234a63d10145b4fa177e72fc3b9384cd670903b26608a063
[INFO] running `Command { std: "docker" "create" "-v" "/var/lib/crater-agent-workspace/builds/worker-7/target:/opt/rustwide/target:rw,Z" "-v" "/var/lib/crater-agent-workspace/builds/worker-7/source:/opt/rustwide/workdir:ro,Z" "-v" "/var/lib/crater-agent-workspace/cargo-home:/opt/rustwide/cargo-home:ro,Z" "-v" "/var/lib/crater-agent-workspace/rustup-home:/opt/rustwide/rustup-home:ro,Z" "-e" "SOURCE_DIR=/opt/rustwide/workdir" "-e" "CARGO_TARGET_DIR=/opt/rustwide/target" "-e" "CARGO_INCREMENTAL=0" "-e" "RUST_BACKTRACE=full" "-e" "RUSTFLAGS=--cap-lints=forbid" "-e" "CARGO_HOME=/opt/rustwide/cargo-home" "-e" "RUSTUP_HOME=/opt/rustwide/rustup-home" "-w" "/opt/rustwide/workdir" "-m" "1610612736" "--user" "0:0" "--network" "none" "rustops/crates-build-env@sha256:d92eaeed33fa75130ca1ee6c8a01d1ffb62bac859dfdfb3450e3e5d1c0146529" "/opt/rustwide/cargo-home/bin/cargo" "+72f88fc4e9458f89516a0b8b0868f3718aec5b47" "check" "--frozen" "--all" "--all-targets" "--message-format=json", kill_on_drop: false }`
[INFO] [stdout] 2957a7d653cdb7275bd312da61d45a4b95c886bc75b4e0ee8cf597cfaa306340
[INFO] [stderr] WARNING: Your kernel does not support swap limit capabilities or the cgroup is not mounted. Memory limited without swap.
[INFO] running `Command { std: "docker" "start" "-a" "2957a7d653cdb7275bd312da61d45a4b95c886bc75b4e0ee8cf597cfaa306340", kill_on_drop: false }`
[INFO] [stderr]     Checking redcentipede v0.0.1 (/opt/rustwide/workdir)
[INFO] [stdout] error: expected one of `.`, `;`, `?`, `}`, or an operator, found `println`
[INFO] [stdout]   --> src/main.rs:26:5
[INFO] [stdout]    |
[INFO] [stdout] 25 |     println!("\n")
[INFO] [stdout]    |                   - expected one of `.`, `;`, `?`, `}`, or an operator
[INFO] [stdout] 26 |     println!("I am first_agent my (x, y) is ({}, {})", first_agent.location.x, first_agent.location.y);
[INFO] [stdout]    |     ^^^^^^^ unexpected token
[INFO] [stdout] 
[INFO] [stdout] 
[INFO] [stdout] error: expected one of `.`, `;`, `?`, `}`, or an operator, found `println`
[INFO] [stdout]   --> src/main.rs:26:5
[INFO] [stdout]    |
[INFO] [stdout] 25 |     println!("\n")
[INFO] [stdout]    |                   - expected one of `.`, `;`, `?`, `}`, or an operator
[INFO] [stdout] 26 |     println!("I am first_agent my (x, y) is ({}, {})", first_agent.location.x, first_agent.location.y);
[INFO] [stdout]    |     ^^^^^^^ unexpected token
[INFO] [stdout] 
[INFO] [stdout] 
[INFO] [stdout] error[E0412]: cannot find type `int` in this scope
[INFO] [stdout]   --> src/main.rs:36:12
[INFO] [stdout]    |
[INFO] [stdout] 36 |     pub y: int,
[INFO] [stdout]    |            ^^^ not found in this scope
[INFO] [stdout] 
[INFO] [stdout] 
[INFO] [stdout] error[E0412]: cannot find type `int` in this scope
[INFO] [stdout]   --> src/main.rs:37:12
[INFO] [stdout]    |
[INFO] [stdout] 37 |     pub x: int,
[INFO] [stdout]    |            ^^^ not found in this scope
[INFO] [stdout] 
[INFO] [stdout] 
[INFO] [stdout] error[E0412]: cannot find type `uint` in this scope
[INFO] [stdout]   --> src/main.rs:42:15
[INFO] [stdout]    |
[INFO] [stdout] 42 |     reserves: uint,
[INFO] [stdout]    |               ^^^^ not found in this scope
[INFO] [stdout] 
[INFO] [stdout] 
[INFO] [stdout] error[E0412]: cannot find type `int` in this scope
[INFO] [stdout]   --> src/main.rs:48:16
[INFO] [stdout]    |
[INFO] [stdout] 48 |     pub value: int,
[INFO] [stdout]    |                ^^^ not found in this scope
[INFO] [stdout] 
[INFO] [stdout] 
[INFO] [stdout] error[E0412]: cannot find type `int` in this scope
[INFO] [stdout]   --> src/main.rs:52:35
[INFO] [stdout]    |
[INFO] [stdout] 52 |     fn travel(&mut self, delta_x: int, delta_y: int);
[INFO] [stdout]    |                                   ^^^ not found in this scope
[INFO] [stdout] 
[INFO] [stdout] 
[INFO] [stdout] error[E0412]: cannot find type `int` in this scope
[INFO] [stdout]   --> src/main.rs:52:49
[INFO] [stdout]    |
[INFO] [stdout] 52 |     fn travel(&mut self, delta_x: int, delta_y: int);
[INFO] [stdout]    |                                                 ^^^ not found in this scope
[INFO] [stdout] 
[INFO] [stdout] 
[INFO] [stdout] error[E0412]: cannot find type `int` in this scope
[INFO] [stdout]   --> src/main.rs:56:15
[INFO] [stdout]    |
[INFO] [stdout] 56 |     fn new(x: int, y: int, resources: uint) -> Agent {
[INFO] [stdout]    |               ^^^ not found in this scope
[INFO] [stdout] 
[INFO] [stdout] 
[INFO] [stdout] error[E0412]: cannot find type `int` in this scope
[INFO] [stdout]   --> src/main.rs:56:23
[INFO] [stdout]    |
[INFO] [stdout] 56 |     fn new(x: int, y: int, resources: uint) -> Agent {
[INFO] [stdout]    |                       ^^^ not found in this scope
[INFO] [stdout] 
[INFO] [stdout] 
[INFO] [stdout] error[E0412]: cannot find type `uint` in this scope
[INFO] [stdout]   --> src/main.rs:56:39
[INFO] [stdout]    |
[INFO] [stdout] 56 |     fn new(x: int, y: int, resources: uint) -> Agent {
[INFO] [stdout]    |                                       ^^^^ not found in this scope
[INFO] [stdout] 
[INFO] [stdout] 
[INFO] [stdout] error[E0412]: cannot find type `int` in this scope
[INFO] [stdout]   --> src/main.rs:69:35
[INFO] [stdout]    |
[INFO] [stdout] 69 |     fn travel(&mut self, delta_x: int, delta_y: int) {
[INFO] [stdout]    |                                   ^^^ not found in this scope
[INFO] [stdout] 
[INFO] [stdout] 
[INFO] [stdout] error[E0412]: cannot find type `int` in this scope
[INFO] [stdout]   --> src/main.rs:69:49
[INFO] [stdout]    |
[INFO] [stdout] 69 |     fn travel(&mut self, delta_x: int, delta_y: int) {
[INFO] [stdout]    |                                                 ^^^ not found in this scope
[INFO] [stdout] 
[INFO] [stdout] 
[INFO] [stdout] error[E0412]: cannot find type `int` in this scope
[INFO] [stdout]   --> src/main.rs:36:12
[INFO] [stdout]    |
[INFO] [stdout] 36 |     pub y: int,
[INFO] [stdout]    |            ^^^ not found in this scope
[INFO] [stdout] 
[INFO] [stdout] 
[INFO] [stdout] error: aborting due to 12 previous errors
[INFO] [stdout] 
[INFO] [stdout] 
[INFO] [stdout] error[E0412]: cannot find type `int` in this scope
[INFO] [stdout]   --> src/main.rs:37:12
[INFO] [stdout]    |
[INFO] [stdout] 37 |     pub x: int,
[INFO] [stdout]    |            ^^^ not found in this scope
[INFO] [stdout] 
[INFO] [stdout] 
[INFO] [stdout] error[E0412]: cannot find type `uint` in this scope
[INFO] [stdout]   --> src/main.rs:42:15
[INFO] [stdout]    |
[INFO] [stdout] 42 |     reserves: uint,
[INFO] [stdout]    |               ^^^^ not found in this scope
[INFO] [stdout] 
[INFO] [stdout] 
[INFO] [stdout] error[E0412]: cannot find type `int` in this scope
[INFO] [stdout]   --> src/main.rs:48:16
[INFO] [stdout]    |
[INFO] [stdout] 48 |     pub value: int,
[INFO] [stdout]    |                ^^^ not found in this scope
[INFO] [stdout] 
[INFO] [stdout] 
[INFO] [stdout] error[E0412]: cannot find type `int` in this scope
[INFO] [stdout]   --> src/main.rs:52:35
[INFO] [stdout]    |
[INFO] [stdout] 52 |     fn travel(&mut self, delta_x: int, delta_y: int);
[INFO] [stdout]    |                                   ^^^ not found in this scope
[INFO] [stdout] 
[INFO] [stdout] 
[INFO] [stdout] error[E0412]: cannot find type `int` in this scope
[INFO] [stdout]   --> src/main.rs:52:49
[INFO] [stdout]    |
[INFO] [stdout] 52 |     fn travel(&mut self, delta_x: int, delta_y: int);
[INFO] [stdout]    |                                                 ^^^ not found in this scope
[INFO] [stdout] 
[INFO] [stdout] 
[INFO] [stdout] error[E0412]: cannot find type `int` in this scope
[INFO] [stdout]   --> src/main.rs:56:15
[INFO] [stdout]    |
[INFO] [stdout] 56 |     fn new(x: int, y: int, resources: uint) -> Agent {
[INFO] [stdout]    |               ^^^ not found in this scope
[INFO] [stdout] 
[INFO] [stdout] 
[INFO] [stdout] error[E0412]: cannot find type `int` in this scope
[INFO] [stdout]   --> src/main.rs:56:23
[INFO] [stdout]    |
[INFO] [stdout] 56 |     fn new(x: int, y: int, resources: uint) -> Agent {
[INFO] [stdout]    |                       ^^^ not found in this scope
[INFO] [stdout] 
[INFO] [stdout] 
[INFO] [stdout] error[E0412]: cannot find type `uint` in this scope
[INFO] [stdout]   --> src/main.rs:56:39
[INFO] [stdout]    |
[INFO] [stdout] 56 |     fn new(x: int, y: int, resources: uint) -> Agent {
[INFO] [stdout]    |                                       ^^^^ not found in this scope
[INFO] [stdout] 
[INFO] [stdout] 
[INFO] [stdout] error[E0412]: cannot find type `int` in this scope
[INFO] [stdout]   --> src/main.rs:69:35
[INFO] [stdout]    |
[INFO] [stdout] 69 |     fn travel(&mut self, delta_x: int, delta_y: int) {
[INFO] [stdout]    |                                   ^^^ not found in this scope
[INFO] [stdout] 
[INFO] [stdout] 
[INFO] [stdout] error[E0412]: cannot find type `int` in this scope
[INFO] [stdout]   --> src/main.rs:69:49
[INFO] [stdout]    |
[INFO] [stdout] 69 |     fn travel(&mut self, delta_x: int, delta_y: int) {
[INFO] [stdout]    |                                                 ^^^ not found in this scope
[INFO] [stdout] 
[INFO] [stdout] 
[INFO] [stdout] For more information about this error, try `rustc --explain E0412`.
[INFO] [stdout] 
[INFO] [stderr] error: could not compile `redcentipede`.
[INFO] [stderr] 
[INFO] [stderr] To learn more, run the command again with --verbose.
[INFO] [stderr] warning: build failed, waiting for other jobs to finish...
[INFO] [stdout] error: aborting due to 12 previous errors
[INFO] [stdout] 
[INFO] [stdout] 
[INFO] [stdout] For more information about this error, try `rustc --explain E0412`.
[INFO] [stdout] 
[INFO] [stderr] error: build failed
[INFO] running `Command { std: "docker" "inspect" "2957a7d653cdb7275bd312da61d45a4b95c886bc75b4e0ee8cf597cfaa306340", kill_on_drop: false }`
[INFO] running `Command { std: "docker" "rm" "-f" "2957a7d653cdb7275bd312da61d45a4b95c886bc75b4e0ee8cf597cfaa306340", kill_on_drop: false }`
[INFO] [stdout] 2957a7d653cdb7275bd312da61d45a4b95c886bc75b4e0ee8cf597cfaa306340
